9 + 5803 composite?
True
Let d(j) = j**2 + j + 4. Suppose p = 5*p + 36. Let q = 6 + p. Is d(q) a composite number?
True
Is 49227/2*(-70)/(-105) composite?
True
Suppose 4*q - 6*t + 4*t = 163506, -2*q = 4*t - 81778. Is q a composite number?
False
Let h = 610 + -232. Suppose h = -4*z + 1086. Is z composite?
True
Is (-49254)/(-4)*(88/6 - 14) composite?
False
Suppose 0 = 20*g - 26*g + 1986. Is g composite?
False
Let n(m) be the second derivative of m**5/20 + m**4/4 + m**3/3 + 3409*m**2/2 + 20*m. Is n(0) composite?
True
Suppose 0 = 73*n - 25*n - 720. Is n a prime number?
False
Let j(z) = -1045*z**3 + 5*z**2 + 4*z - 3. Is j(-2) composite?
False
Suppose 5*x = 113 + 7. Suppose c - 11 = a, -3*a + 4*a - x = -4*c. Let k(g) = 66*g - 17. Is k(c) prime?
False
Is 2*((-36057)/(-14) - 7) a prime number?
False
Suppose 3*b - 5*u - 2 = 0, 5*b = 2*u + 3*u. Is (1390/b)/((-2)/1) composite?
True
Let s(p) = -50*p**3 + 2*p**2 + 9*p + 89. Is s(-6) a prime number?
False
Let u be 18/(3/1) + -1. Let x = u - 3. Suppose x*i = -5*k - 0*i + 151, k - 25 = -3*i. Is k a composite number?
False
Let b(i) = 323*i - 5. Is b(9) composite?
True
Let k(h) = h**2 - 15*h - 3. Let u be k(15). Let t(o) = -24*o**3 + 3*o**2 + 6*o - 4. Is t(u) a composite number?
False
Let j(u) = -u - 1. Let n(x) = 4*x + 9. Let d(c) = -3*j(c) - n(c). Let a be d(-10). Is (-3 - 1)/a*-487 prime?
True
Suppose 548 = 5*t - 247. Let i be -16*(18/4 - -1). Let o = i + t. Is o a prime number?
True
Let z(g) = -3*g**3 - 7*g**2 + g + 8. Is z(-5) composite?
True
Suppose 3*s + 4*u - 2*u = 424, -2*s = 3*u - 276. Suppose -3*h = -21 - s. Is h prime?
False
Let v(x) = -11*x**3 + 5*x**2 + 4*x + 11 + 6*x**2 + 20*x - 3*x**2. Is v(-6) prime?
True
Let z(u) = 1 - 2*u + 94*u**3 + 1 + 0*u + u**2. Let r be z(2). Suppose 2*k - r = 4*f, 2*f - 6*f - 8 = 0. Is k composite?
False
Suppose -603414 - 131452 = -22*h. Is h composite?
False
Let w = 34145 + 2454. Is w a composite number?
False
Let n(y) = -y**2 - y - 5. Let t(q) = q**2 + 5. Let g(o) = -3*n(o) - 4*t(o). Let v be g(2). Is -1076*(6/8)/v composite?
False
Suppose 12*g = 6*g - 24. Let b(s) = -13*s + 1. Is b(g) composite?
False
Is 12/(-54) - 31555/(-45) a composite number?
False
Suppose -140 = -152*l + 148*l. Is l a composite number?
True
Let d = -5173 - -8959. Suppose 17*c = 23*c - d. Is c prime?
True
Suppose 0 = 15*d - 4*d - 1221. Is d a composite number?
True
Suppose -327 = -2*m - 5*q, 5*q - 112 = -5*m + 713. Let i = m + 165. Is i a composite number?
False
Let i = -14 + 24. Is (-15)/i*(-178)/3 prime?
True
Suppose -42429 = -3*u + 3*b, 3*u = -102*b + 104*b + 42429. Is u a prime number?
True
Let y(c) = 58*c**2 - 12*c - 125. Is y(-8) a composite number?
True
Is (-1 - (-10825 + 2)) + (-3 - 2) a prime number?
False
Let k = -741 + 1103. Let p = k - 205. Is p a composite number?
False
Let q(z) = 5514*z + 11. Is q(6) prime?
False
Suppose -36957 + 9156 = -9*a. Is a prime?
True
Is (-1)/(1/1 - 0) + 200 prime?
True
Let q = 18 + -22. Is 1/q - (-3015)/12 a composite number?
False
Let a(u) = -7*u**2 + 0*u**3 + 8*u - 10 + u**3 - 4*u + 5*u. Let s = 8 + -1. Is a(s) a composite number?
False
Suppose 0 = -3*z + 3*x + 1365, 3*z + 160 = 2*x + 1520. Let s = z + -273. Is s a composite number?
True
Let b = -7 + 12. Suppose 5*t - b*q - 85 = 0, 4*t + q - 29 = 14. Suppose t*a + 2302 = 14*a. Is a composite?
False
Suppose 0 = 19*h - 866 + 37802. Let o = -877 - h. Is o prime?
False
Let g(l) = 304*l + 365. Is g(3) composite?
False
Is (-46)/(-299) + (-73721)/(-13) a prime number?
False
Suppose -26*t - 1119 = -29*t. Is t a prime number?
True
Let x(j) = j**3 - 8*j**2 + 9*j + 4. Let o be x(7). Is (-4)/o + ((-717560)/36)/(-10) composite?
False
Let y be -20739*(-1 + 1*(-2)/(-3)). Suppose -y = -4*z + 147. Is z composite?
True
Suppose 1 + 3 = 3*a - 4*t, -t = -3*a + 10. Suppose -14188 = -4*s - 2*j, s = a*s - 3*j - 10623. Is s a prime number?
False
Let z be (-19738)/(-7) + (-4)/(-14). Suppose -u - 2*u = -z. Suppose -56 + u = 4*p. Is p a composite number?
True
Let c be (-15606)/15 - ((-6)/15 + 1). Let y = c + 2128. Is y prime?
True
Let d(o) = -o**3 + 5*o**2 - 2*o - 3. Let p be d(4). Let v(c) = p*c**2 + 6*c**2 + c - 1 + 0*c**2 + 2*c. Is v(2) composite?
True
Let s be 1981 - (2 - (-2 + 2)). Suppose 42*u - s = 41*u. Is u prime?
True
Let p = 275 - 622. Let t = 1382 + p. Suppose 0 = -2*n - 5*w + t, 0 = 4*n - 2*w - 0*w - 2010. Is n composite?
True
Is ((-1994)/(-6))/(6/720*8) composite?
True
Suppose -3*l + 1 = 2*b - 2, 0 = -2*l - b + 3. Suppose 0*s - 2*s - 1123 = -5*i, -l*i + 2*s + 673 = 0. Is (i/18)/(2/4) a composite number?
True
Let g(b) = -7 + 298*b**2 - 300*b**2 - 7*b**3 - 17*b**3. Is g(-3) composite?
True
Is 2/(588231/(-196083) - -3) composite?
False
Let r(o) = 20*o - 12 + 16*o + 31*o + 7*o. Is r(5) prime?
False
Let r = 372 - -2520. Suppose 2*m - 374 - r = 0. Is m composite?
True
Suppose -5*g + 0*g = -1985. Suppose -5*o - g = -w, -3*w + 1664 = w - o. Let q = 640 - w. Is q composite?
False
Let k(p) = -272*p + 257. Is k(-7) prime?
True
Suppose 4*f - w = f + 479, 797 = 5*f - 3*w. Let g = 5 - 8. Let p = g + f. Is p composite?
False
Suppose 2*g = -g + 3, k = 2*g + 1. Suppose q - 4*f - 701 = f, -k*q = 4*f - 2103. Is q a prime number?
True
Suppose 5*x + 3*s + 4 = -5, 5*s = -15. Let a(b) = b**3 + b. Let z be a(x). Suppose 5*h - y = 591, z = 3*h + y + 3*y - 350. Is h prime?
False
Let l = 27687 + -12859. Let b = 5357 - l. Is 8/(-20) - b/15 composite?
False
Suppose -2*a + 3*t = -163639, -20*a - t - 163641 = -22*a. Is a composite?
True
Is 1 + 17/(-15) + 2601564/180 a prime number?
False
Let d(u) = -u**2 + 2*u + 5. Let t(v) = v**3 - v**2. Let j be t(1). Let s be d(j). Let x(m) = 91*m**2 - 7*m + 5. Is x(s) a composite number?
True
Let v be 309/24 - (-5)/40. Suppose 18*f = v*f + 1435. Is f prime?
False
Let t be -1 + 33/7 + 4/14. Suppose 0*a - a - n = -612, -t*a + n + 2453 = 0. Is a a prime number?
True
Suppose -x - 21 = h, -3*x - 39 = -0*h - 3*h. Let y(n) = -n**3 - 17*n**2 - 6*n + 16. Is y(x) a composite number?
True
Let k be 19/(-3) - (-25)/75. Let g(r) = -4*r**3 - 2*r**2 + 10*r - 13. Is g(k) prime?
True
Let s(a) = 89*a + 6. Is s(37) a composite number?
False
Let i = 1512 + -959. Let g = i - 373. Suppose 2*b + q - 315 = 0, g = -b + 2*b + 5*q. Is b prime?
False
Let f be 2/((-3)/(3/1)). Let n be 2/(-1)*(f + 1). Suppose n*b + 5*b = 1813. Is b a prime number?
False
Let l(k) = k + 1. Let y(w) = -32*w - 13. Let p(v) = -5*l(v) + y(v). Is p(-11) composite?
False
Let n be ((-65)/(-26))/((-1)/2). Is (n + 6 + 124/(-6))*-51 a composite number?
True
Suppose 18*d - 9*d = 36. Suppose 3*r - p = 956, -d*r - 3*p + 1243 = 2*p. Is r a prime number?
True
Let u(g) = 21*g**2 + 30*g + 22. Let j(a) = 62*a**2 + 89*a + 67. Let h(v) = 4*j(v) - 11*u(v). Is h(-17) composite?
True
Let l(s) = 2*s + 5. Let f be l(-2). Let v = -17 + 20. Is f + 1 + v*99 composite?
True
Suppose z + 5*b - 5 = 107, 254 = 2*z - 5*b. Let g = 233 - z. Is g a prime number?
False
Suppose -5*j = -2*j + 3. Let a = -19 - -31. Is 9*j/(a/(-28)) prime?
False
Suppose 1 - 9 = 2*q + 4*j, 2*q - 10 = 5*j. Suppose q = -4*a - a. Suppose 3*l + 0*l - 231 = a. Is l a prime number?
False
Let d(r) = -14*r**2 + 40*r + 119. Let f(h) = -5*h**2 + 13*h + 40. Let i(v) = -6*d(v) + 17*f(v). Is i(-16) composite?
True
Let b(h) = h**2 + 5*h + 2. Let p be b(-5). Suppose p*q - 159 = -q. Let k = -38 + q. Is k prime?
False
Suppose -83696 - 68162 = -14*n. Is n prime?
True
Let w(i) = 1676*i**2 - 32*i - 173. Is w(-6) a composite number?
True
Is 598152/60 + 8 + 2/(-10) composite?
True
Suppose -3*u + 6*u = -p - 53, 4*u + 60 = -4*p. Let c = u + 21. Is (c/(-4))/((-10)/3820) prime?
True
Suppose 0 = 4*c + m + m - 538, c = -m + 134. Suppose 0*s - 4*q = -s + c, -2*s - 4*q = -246. Is s composite?
False
Let n(r) be the third derivative of -19*r**7/630 + r**6/240 - r**5/60 - 4*r**2. Let a(c) be the third derivative of n(c). Is a(-2) composite?
False
Let c be 8/(-36) - 60/(-27). Suppose -k + 0*y = y - 118, c*k - 4*y = 254. Let v = k - -102. Is v composite?
False
Let k = 115 + -111. Suppose 2*g = 4*u - 16, 4*u - 5 = g + 7. Suppose 3*j + k*w = 5*j - 134, -3*j + u*w = -201. Is j prime?
True
Suppose 29*o - 24*o = 140. Let j = o + -15. Is j composite?
False
Suppose 0*s + 3*s - 6831 = 0. Suppose 3*i + 6*i - s = 0. Suppose -3*c = u - 495, 2*u - i = 3*c - 757